+ 10 + 10 = -p, 3*u + 60 = -p. Let a be (-30)/u*(-824)/(-2). Suppose 5*f - 3*q = a, -642 = -5*f - q - 2*q. Is 29 a factor of f?
False
Let s = 497 - 376. Does 21 divide s?
False
Let f = -27 - -17. Let r(o) = o + 15. Is 2 a factor of r(f)?
False
Let h(y) = -30*y**3 - y - 2. Let m(p) = p. Let r be m(-1). Let c be h(r). Suppose 2*k + c = 97. Is k a multiple of 11?
False
Does 15 divide 5*(-4)/15 - (-5674)/3?
True
Let c(p) be the third derivative of -p**5/12 + p**4/24 - 2*p**3/3 + 4*p**2. Let v(o) be the first derivative of c(o). Is v(-2) a multiple of 7?
True
Let x(r) = 310*r**2 - 5*r - 6. Let a(w) = -62*w**2 + w + 1. Let h(g) = -11*a(g) - 2*x(g). Let y(l) = -2*l**2 - 12*l + 1. Let m be y(-6). Is 24 a factor of h(m)?
False
Let z be -4*34/(-14) + (-24)/(-84). Does 8 divide z/((-51)/(-24) - 2)?
True
Suppose 0 = -4*t + 20, -4*t + 20 = q - 3*q. Suppose u - 3*u + 132 = q. Is 6 a factor of u?
True
Let k = 32 + -22. Let h(x) = -2*x**2 + 12*x + 18. Let r be h(k). Let s = r + 173. Is 22 a factor of s?
False
Suppose -t + 779 = -5*p + 6*p, p + 3*t = 777. Suppose -p = -8*g - 2*g. Is g a multiple of 13?
True
Suppose 0 = -2*i - s + 64, -5 = -4*i + 4*s + 111. Suppose -13 = -m - i. Let a = m + 42. Is a a multiple of 5?
False
Is ((-58)/116)/(1/(-590)) a multiple of 28?
False
Suppose -17136 = -0*s - 14*s. Is s a multiple of 18?
True
Is 11 a factor of 1 - (1*4227/(-3) - 5)?
False
Let j = 1544 + -898. Is j a multiple of 13?
False
Let k(f) = -f**3 - f**2 + 2*f - 7. Let p be k(-3). Suppose 0 = 2*j - p*j - 15, 2*m = -3*j - 5. Suppose y = m*y - 68. Does 10 divide y?
False
Let u = -97 + 42. Let f = 270 + u. Does 38 divide f?
False
Suppose 0 = 7*v - 24 - 4. Suppose 0 = 3*p + p + w - 231, 3*p - v*w - 178 = 0. Does 8 divide p?
False
Suppose a + 1595 = 3191. Is 14 a factor of a?
True
Let k(f) be the third derivative of -f**6/120 + 2*f**5/15 + f**4/24 + f**3/3 - 5*f**2. Let w = 21 - 13. Does 7 divide k(w)?
False
Suppose -5*t = -28*t + 11408. Is t a multiple of 26?
False
Suppose 5*i = 4*k + 61, -5*k + 15 = 3*i - 2*k. Is 3 a factor of i/(38/(-8) + 5)?
True
Let g = -43 - -35. Does 6 divide (-71)/(-4) + (-2)/g?
True
Suppose 3*t = b + 17, 11 = 2*t - 3*b - 5. Suppose 0 = -t*s + 2*r, 3*s - r = 2*s - 3. Is (s - 34/6)*-9 a multiple of 13?
False
Is 8 a factor of (-13192)/(-32) - (3 + 33/(-12))?
False
Let f be (2/((-30)/5049))/((-6)/20). Suppose -4*v + f = 2*v. Is 21 a factor of v?
False
Suppose 5*o = 5*t + 50, 4*o = t + t + 38. Suppose 2*j + 2*d = -18, j - 3*d - 2*d = o. Is 8 a factor of j/(4/(96/(-9)))?
True
Suppose -21 = -i + 3*h, -4*i + 4*h + 50 = -2*i. Let p = 32 + i. Is 5 a factor of p?
True
Let t = -56 + 21. Let n = 83 - 71. Does 6 divide (-400)/t + n/21?
True
Let d = -20 - -22. Let v be d - 2*-3 - 3. Suppose u = -v*t + 60 + 226, 2*t - 112 = 2*u. Is t a multiple of 19?
True
Let k(c) = -21*c**3 + 4*c**2 + 4*c - 4. Is k(-2) a multiple of 43?
True
Let k(x) = x**3 + 11*x**2 - 23*x - 14. Let z(w) = w**2 + w + 1. Let l(c) = k(c) + 3*z(c). Does 16 divide l(-15)?
True
Suppose 130 = 3*f - 158. Let s = 126 - f. Does 3 divide s?
True
Let i be (-10)/(-40) - (-9254)/8. Suppose v + 2*y - i = -2*v, v + 3*y - 388 = 0. Does 55 divide v?
True
Let x(a) = -4*a**2 - 98*a + 42. Is 34 a factor of x(-18)?
True
Let r = -2 + -7. Is 6/r*(-24 - 6) a multiple of 20?
True
Let q = -35 - -27. Is (q/6)/((-13)/1170) a multiple of 20?
True
Let g(q) = -10*q - 135. Is g(-22) a multiple of 38?
False
Suppose 3*o = 5 + 13. Suppose 640 = 5*q + 4*x, o*q - 2*q = -4*x + 512. Does 15 divide q?
False
Suppose 5*p = 16 - 1. Suppose -d + p*d = 306. Suppose -4*w = -w - d. Is 17 a factor of w?
True
Let z = -1072 - -2496. Is 16 a factor of z?
True
Suppose 0 = -6*m + 4*m - 12. Let r(c) = -c**3 - 4*c**2 + 8*c + 3. Let w be r(m). Let i = w - -38. Is 13 a factor of i?
True
Let j = 107 - 107. Suppose j = 9*x + 7*x - 1552. Is x a multiple of 12?
False
Suppose -10*q + 6*q + 16 = -2*b, 0 = 2*q - 3*b - 8. Let f = 6 - 3. Suppose q = -s, 0*a - a - 2*s = -f. Does 11 divide a?
True
Let h(g) = 6*g**2 - 21*g + 54. Does 22 divide h(15)?
False
Let f(v) = v**3 + 2*v**2 - 11*v - 5. Let d be f(-4). Let z = d - -203. Is z a multiple of 35?
True
Let x = 4197 + -2481. Does 26 divide x?
True
Let f be (-62)/4*(4 - 2). Let c be 6*f/(-2) - 2. Let q = -65 + c. Does 8 divide q?
False
Let u = 149 - 68. Let q = u + -42. Does 28 divide q?
False
Let f(t) = t**2 - 14*t - 16. Let j be f(15). Let y be 0/(-2 + j + 4). Suppose y = -8*u + u + 49. Is 7 a factor of u?
True
Let d(v) = -v**3 + 6*v**2 - v + 8. Let x be d(6). Suppose -k + 3*n = -6, -x*n + 4*n - 80 = -4*k. Is 130/18 + (-4)/k a multiple of 3?
False
Suppose 7 = 2*q - 5. Suppose -113 = q*d - 1505. Is d a multiple of 11?
False
Let p(o) = -2*o**2 - 7*o - 4. Let h be p(-4). Let i(a) = -a**3 - 7*a**2 + 3*a - 17. Let n be i(h). Let l = n - 12. Is l a multiple of 2?
False
Let h = -58 + 806. Is 11 a factor of h?
True
Let l be (-294)/(-30) - (-4)/(-5). Is (8 - l)/(2/(-216)) a multiple of 54?
True
Does 29 divide (-2)/(-8) + (-4380)/(-16) + -1?
False
Suppose 8*n - 2*n = 48. Suppose -m + n = -22. Is m a multiple of 10?
True
Suppose -5*i + 103*y = 104*y - 2643, -4*y = 3*i - 1596. Is i a multiple of 7?
False
Let t = 2404 + -1302. Does 19 divide t?
True
Let j be 6*((-84)/(-8))/7. Suppose -5*p + 4*p + j = 0. Suppose 2*a - 29 = p. Is 19 a factor of a?
True
Let n be -78*(12/(-8) - 0). Suppose -g + n = -46. Suppose -g + 11 = -2*b. Is b a multiple of 19?
True
Let p(g) = -6*g + 29. Is 53 a factor of p(-4)?
True
Let b(t) = t**3 + 10*t**2 + 6*t - 13. Let v be b(-9). Let f = 14 - v. Suppose f = -y, -3*g - 2*g - 3*y = -15. Does 3 divide g?
True
Suppose -5*a = -4*a + 3*a. Suppose 13 = -a*i + i + j, 0 = -2*j + 8. Does 9 divide i?
True
Suppose -93*d + 22091 + 110806 = 0. Does 9 divide d?
False
Is (-6 - 2 - -6)/(2/(-446)) a multiple of 41?
False
Let q = 728 + -491. Is q a multiple of 17?
False
Is 17 a factor of 152 - (7 - (14 + -6))?
True
Does 16 divide (-1 + -1)*(-131 - -77)?
False
Let p(n) = -n**3 - 16*n**2 + 15. Let r be p(-16). Suppose 0 = 5*a + r, -d = -2*d + a + 101. Is d a multiple of 14?
True
Let d(p) = 31*p**2 - 46*p + 401. Does 45 divide d(8)?
False
Suppose 6*x - 2*x - 9040 = 5*o, 0 = 3*x + 3*o - 6780. Is x a multiple of 11?
False
Suppose 0 = 21*s - 2866 - 22481. Is s a multiple of 27?
False
Suppose 0 = 4*t + 12. Is t*(-97)/3 + 2 a multiple of 11?
True
Suppose -5*c = -4*z - 984, -3*z + 212 = 36*c - 35*c. Is 20 a factor of c?
True
Let o = 2035 + -1445. Suppose -2*l + 5*l + 2*z - o = 0, -2*l - z + 395 = 0. Does 25 divide l?
True
Let v(i) = -6*i**2 + 6*i + 3. Let c be 3 + (2 - 2)/(-4). Let j be v(c). Let h = j - -81. Is 12 a factor of h?
True
Let l(v) = -v**2 - 1. Let r(o) = -12*o**2 - 4*o - 8. Let u be (-3)/(((-18)/4)/(-3)). Let s(f) = u*r(f) + 22*l(f). Is s(-6) a multiple of 6?
True
Is 3 - (-5 + -149 + 3) a multiple of 8?
False
Does 13 divide 108 - (-4)/(-4)*-9?
True
Let n(y) = 73*y**2 + 12*y + 22. Is 58 a factor of n(-2)?
True
Suppose -2*z = 4*c, 4*z - 3*z = -5*c + 3. Let i be 14*c/(-2) + 3. Let r(k) = -2*k**3 - 5*k**2 + k + 9. Is r(i) a multiple of 7?
False
Let x = 353 - 329. Is 6 a factor of x?
True
Let k(z) = 2*z**2 - 8*z - 3. Let d be k(6). Let i = d + 53. Is 37 a factor of i?
True
Suppose 2*b - 17 = 13. Let d = b - 10. Suppose z - 25 = r, -52 - 78 = -d*z + 4*r. Does 10 divide z?
True
Is 11 a factor of 3*4/(-30)*23350/(-20)?
False
Suppose 21 = 2*p + 5*p. Suppose 5*m + 0*x = 2*x + 354, -p*m + 202 = 4*x. Is 14 a factor of m?
True
Is 16 a factor of 1/((-15)/(-10)) + 998/6?
False
Let v = -620 + 1128. Does 13 divide v?
False
Let c(z) = 50*z - 1. Let j(w) = -w**3 + 9*w**2 - 9*w + 7. Let u be j(8). Let b be c(u). Is (-2)/3*(b - 0) a multiple of 9?
False
Suppose -o + 200 = -5*c - 22, -5*o + c + 990 = 0. Let t = o - 109. Suppose -m + 200 = 4*v + m, -2*v = -2*m - t. Is v a multiple of 16?
True
Let q(g) = g**3 - 6*g**2 - 5*g - 6. Let l be q(7). Suppose 3*s = -5*z - 4, -5*z + l = -12. Is s/36 + 29/9 a multiple of 2?
False
Suppose c + 0*c + 5*g = 19, 0 = -2*c - 5*g + 48. Let k = c + -33. Is 18/(-12) - 382/k a multiple of 18?
False
Let l = -57 + 221. Is -7 + 7 + -4 + l a multiple of 19?
False
Suppose 0 = -2*c + 314*s - 316*s + 4074, 0 = 3*s + 12. Does 39 divide c?
False
Let r be ((-30)/9)/((-1)/138). Let t = r + -324. Does 23 divide t?
